rmine w(o).
-8
Let w(z) = z**3 + 4*z**2 + z + 4. Suppose -14 = x - 10. Give w(x).
0
Let n be (4 - (-33)/(-9))/((-3)/9). Let u(m) = m + 1 - m + 9*m**2 + m. Give u(n).
9
Suppose 2*q = 7 - 5. Let g = q + -3. Let j(u) = 4*u**3 + 8*u**2 + u + 1. Let b(f) = 3*f**3 + 7*f**2 + 2*f + 1. Let c(l) = g*j(l) + 3*b(l). Give c(-3).
7
Let l(i) = i**3 + i**2 + i - 1. Let q be 2*-1 + 0 + 0. Let r be (3/q)/((-3)/(-4)). Calculate l(r).
-7
Let s(g) = -g - 2. Let l = -9 - -14. Let p(y) = -5*y - 3. Let m(a) = 3*a + 2. Let j(u) = -7*m(u) - 4*p(u). Let c(w) = l*j(w) - 6*s(w). What is c(2)?
4
Let v(i) = 5*i + 1. Let r be v(-1). Let p(k) = -4*k + 3*k - 6 - k. Determine p(r).
2
Let n(b) = -8*b + 83. Let u be n(10). Let c(i) = -i**2 - i + 4. Calculate c(u).
-8
Let a(n) be the third derivative of n**6/120 + n**5/20 + n**4/12 + n**3/2 - n**2 - 8*n. Calculate a(-3).
-3
Let i(x) = 6*x**3 + x**2 + x. Let f be i(-1). Let j be (8/f)/((-1)/(-3)). Let v(t) = -3*t + 2. Calculate v(j).
14
Let k(x) = -x**3 - 7*x**2 - 6*x + 4. Let p = -1 + -5. Determine k(p).
4
Let g(l) = -l**3 + l**2 + l + 1. Let d(h) = 5*h**3 - 12*h**2 - 10*h - 12. Let q(r) = -d(r) - 6*g(r). Determine q(-4).
22
Suppose -f - 5*q - 21 = -3*f, 0 = f - 3*q - 12. Suppose v + f*t = -5 + 4, 2*v + 1 = -5*t. Let h(k) = 2 - 3*k**2 + 2*k**3 + 0*k + 0*k. Determine h(v).
6
Let q be 0*(-3)/6*1. Let c = q + 0. Let r(k) = c*k - 3*k - 4 + 2*k. Determine r(-4).
0
Let h be 2*-6*(-3)/(-9). Let s(t) = -t**3 - 4*t**2 + 3*t - 5. Calculate s(h).
-17
Let i be (-12)/(-2)*3/6. Suppose -i*z + 15 = -8*z. Let f(b) = b + 7. Calculate f(z).
4
Let d(v) = -v**3 - 4*v**2 + 2. Suppose -c - 2 + 1 = 4*l, 2*l + 17 = 5*c. Let p = -3 + l. Give d(p).
2
Let m(n) = -18 + 18 - n - 3*n. Give m(1).
-4
Let w(s) = 6*s**2 - 2*s**2 - s**2 - 4*s**2 - 1. Let k be w(1). Let q(f) = 2*f**2 + 1. Calculate q(k).
9
Let h(u) = 2*u**2 + 3*u + 3. Let q be h(-2). Let k(g) = -3 - 1 - q + g. Determine k(5).
-4
Let s(f) be the second derivative of -f**3/6 - f**2 - 29*f. What is s(-4)?
2
Let t(u) = -u**3 + u**2 + u + 5. Let g be t(0). Suppose 7 = -4*c - 3*y, -3*y = -c + y + 22. Let m(q) = q**c - 5 + g. What is m(-2)?
4
Let f(k) be the third derivative of k**4/8 - k**3/6 + 31*k**2. Calculate f(-2).
-7
Let i(v) = -5*v**3 - v**2 + v - 1. Let r(u) be the third derivative of u**5/60 - u**4/4 - u**3 + 2*u**2. Let b be r(7). Determine i(b).
-6
Let p(x) = x**3 + 4*x**2 + 5*x + 4. Let z(v) = -2*v. Let i be z(-3). Let d be 1/(((-9)/i)/(-3)). Suppose 3*u + d*u + 15 = 0. Give p(u).
-2
Let g = 6 + -3. Let r = -4 + g. Let k(t) = 3*t**3 + t**2 + t. Calculate k(r).
-3
Let t(r) be the first derivative of r**6/360 + r**5/24 + r**4/24 + 4*r**3/3 - 8. Let z(p) be the third derivative of t(p). Calculate z(-5).
1
Let y(f) = -f - 2. Let p = 12 + -5. Let r(o) = o**2 - 6*o - 2. Let s be r(p). Give y(s).
-7
Suppose -8 - 12 = -5*l. Let p(n) = -2 - l*n + n - 3. Let s be 0 + -2 + (-2 - 0). Calculate p(s).
7
Suppose 2*s + 25 = 7*s. Let m(x) be the first derivative of -x**3/3 + 3*x**2 - 7*x - 14. Give m(s).
-2
Let j(o) = -o**3 - 7 - 2*o**2 + 4*o**3 - 4*o**3 + 3*o + 6. Let v = -6 + 8. Suppose v = -s - 1. Give j(s).
-1
Let a(p) = -p**2 + 2. Let n be a(-1). Let y = 1 + 0. Let q(v) = 6*v - 2*v - y + 2. Calculate q(n).
5
Let i(o) = 4*o + 6. Let c(h) = 9*h - 48. Let k(x) = x - 6. Let s(n) = -4*c(n) + 33*k(n). Let b(a) = 2*i(a) + 3*s(a). Give b(0).
-6
Let y(u) = -u**2 - 10*u - 10. Let w be y(-8). Let v(a) = 8*a + 1 - 4 - w*a - 5. Let i(s) = 5*s**2 + 1. Let j be i(-1). Determine v(j).
4
Suppose 2*s - 19 + 1 = -2*z, -2*s = -4*z + 6. Let g(u) = -u**2 + 5*u + 3. Let o be g(s). Let l(b) = 2 - 3 - 2*b + 4 + 0. Calculate l(o).
-3
Let g be (-2)/(-2) + 8 - 1. Let f(a) = -9*a + 0 + g*a - 3. Give f(-5).
2
Let y(v) = -4*v**3 - 5*v**2 - 3*v + 3. Let o(q) = -q**3 - q**2 - q. Let l(k) = 3*o(k) - y(k). Determine l(-3).
-12
Let j(t) = t**3 + 7*t**2 - 7*t. Suppose -16 = -2*y - 2*y. Let z(h) = h**3 + 6*h**2 - 6*h - 1. Let m(n) = y*z(n) - 3*j(n). Determine m(-4).
-8
Let v = 71 - 65. Let o(y) = -y**3 - 5*y**2 + 7*y - 7. Let r(a) = -2*a**3 - 4*a**2 + 7*a - 8. Let z(c) = 3*o(c) - 2*r(c). What is z(v)?
1
Let h(c) = c**3 - 7*c**2 + 8*c - 7. Suppose 0 + 2 = 3*q - 4*p, 0 = 4*q - 4*p - 8. What is h(q)?
5
Let g(z) = -z**3 - 6*z**2 - 3*z + 7. Let w be ((-1)/3)/((-6)/30)*-3. What is g(w)?
-3
Let o be (-20)/(-8)*4/5. Let u(f) = f**2 + 5*f + 6. Let t be u(-4). Let l(n) = -7*n + n - n**2 + o*n**t. Give l(5).
-5
Let f(k) be the third derivative of -5*k**4/24 - 3*k**2. Let i(v) = v**2. Let p(a) = -5*a**2 - 4*a - 3. Let y(b) = 4*i(b) + p(b). Let s be y(-2). What is f(s)?
-5
Suppose 13*h - 14*h = -6. Let r(j) = 2*j - 1. What is r(h)?
11
Let d(v) = -v**3 + v**2 - v - 7. Let h be d(0). Let w(c) = -c**2 - 6*c + 6. What is w(h)?
-1
Let w(a) = 4*a**2 - 24*a + 5. Let c be w(6). Let u(y) = -4*y**2 + y**3 - y - 3*y + 0*y. Calculate u(c).
5
Let h = 7 - 4. Let x(v) = -h + 7*v**2 - v**2 + v**3 + 2*v**2. Calculate x(-8).
-3
Let f(o) = 2 + 0*o + 2*o + 2. Let k(i) = i**3 + 14*i**2 + i + 8. Let h be k(-14). Calculate f(h).
-8
Let q = -4 + 4. Let f be q/(-6)*(0 - -1). Let z(c) = c**2 + c + 6. Give z(f).
6
Let x = 2 - 0. Let o = -31 + 36. Let g(u) = -u**3 - x*u**3 + 2*u**3 - 4*u + o*u**2. Give g(4).
0
Let j(q) = 3*q - 25 + 7 + 0*q. Let z(o) = -5*o + 27. Suppose -n - n - 5*h = 10, 4*n + 20 = 5*h. Let r(k) = n*z(k) - 8*j(k). Calculate r(0).
9
Let b(s) = -s**3 + 9*s**2 - 2*s + 8. Let m(j) = -j**2 - j - 1. Let g(a) = -b(a) - 2*m(a). Determine g(7).
22
Let l(p) = -p**3 - 16*p**2 - p - 9. Let u be l(-16). Let i(o) = 6 - o**2 + 2 + 0*o**2 - u. What is i(-1)?
0
Let r(p) = 6*p**2 - 2 + 5 - 3*p - 2*p - 1 - p**3. What is r(4)?
14
Let s(n) = n. Let o(u) = u - 3. Let t be o(4). What is s(t)?
1
Let w(q) = -q**3 - 7*q**2 - 9*q - 9. Let a(o) = -o**3 + 7*o**2 - 6*o - 6. Let g be a(6). Determine w(g).
9
Let i(m) = -m - 1. Let q(z) = z - 1. Let v(l) = 3*i(l) + 4*q(l). Calculate v(7).
0
Let c(y) = 2*y + 11. Suppose -n = -4*n - 6. Let k be n/9 + 70/(-9). Let w be c(k). Let q(x) = -3*x - 7. What is q(w)?
8
Suppose -7*t + 8 = -3*t. Let j(z) = 2*z - z**3 - 3*z - 14*z**2 + 15*z**t. Let x = 1 - 1. Calculate j(x).
0
Suppose -5*g + 10 = -0*g. Let n(x) = -x + g + 2*x - 3. Let i(u) = u**3 + 7*u**2 + 6*u - 4. Let v be i(-6). What is n(v)?
-5
Suppose 0 = 4*v - 5*c - 3, -3*v + 5 = -0*c - c. Suppose v*z + 0 = 6. Let d(u) = 0*u - 2*u + z*u - 12. Give d(5).
-7
Let a(g) = 11*g + 5. Let o(t) = 5*t + 2. Let b(r) = -4*a(r) + 9*o(r). What is b(0)?
-2
Let k(l) = l - 6. Suppose 0 = -4*h - h + 15. Let o = h - -2. Calculate k(o).
-1
Let p(y) = -y**2 + 10*y - 11. Suppose -10 + 138 = 16*l. Give p(l).
5
Let x(w) be the first derivative of -5*w**2/2 + 6*w + 3. Let p(q) = 81*q - 96. Let r(u) = -2*p(u) - 33*x(u). What is r(5)?
9
Let c(i) = -4 + 3 + 0 + 2*i. Suppose -13 = -2*m - 7. Give c(m).
5
Let p(t) be the second derivative of -t**5/20 - t**4/2 - t**3 - t**2/2 - 2*t. Let u be 2/(-6)*(16 + -1). Give p(u).
4
Suppose -a = -3*a + 4. Let n(m) = 3 - 8*m**a + 7*m**2 + 2. Let z = -1 - -1. What is n(z)?
5
Let q(x) = 4 - 3 + 2 - 4*x + x**2. Let o be q(4). Suppose -o = j - 1. Let m(p) = -2*p**3 - p**2 + p - 2. Determine m(j).
8
Let k(v) be the third derivative of v**5/60 + v**4/3 + 5*v**3/6 + v**2. What is k(-5)?
-10
Let n = 11 + -15. Let d be (8/(-6))/(8/(-36)). Let v(x) = x - 8 + d - 1. Calculate v(n).
-7
Let l be 36/27*6/4. Let b(x) = -x - x**2 + 2*x + 2 - 3*x. What is b(l)?
-6
Let k = 26 + -26. Let x be (k - -1) + (5 - 8). Let u(d) = 7*d**2 - 9*d + 2. Let j(z) = -3*z**2 + 4*z - 1. Let p(a) = -9*j(a) - 4*u(a). Calculate p(x).
-3
Let x(s) = -4*s + 6*s - s**3 + 9 - s**2 + 8*s**2 + 2*s**3. Determine x(-7).
-5
Let k(p) = p + 2. Let x be k(-7). Let h(o) = -o - 5. Give h(x).
0
Let x(h) = h**2 + h. Suppose -3*j = -4*j + 3. Let f be (-1)/((-1)/(-6)) + j. Calculate x(f).
6
Let p(d) = d**3 + d**2 - 7*d + 0*d**2 + 3*d**2. What is p(-5)?
10
Let z(o) = o**3 - o**2 + o - 2. Let q(i) = -i**3 + 2*i**2 + 4*i - 3. Let j be q(3). Suppose j = 2*b + 3 - 7. Calculate z(b).
4
Let d(a) = 2*a**2 + 1 + a**3 + 0*a**2 - 2. Suppose 0 = 4*v - 5*z - 1, -5*z = 4*v - 2*z + 7. What is d(v)?
0
Let x = 10 - 6. Suppose -4*k + 6*k - 5*i = -10, -x*k = 3*i - 32. Let h(n) = 2*n**2 + k - 3*n**2 - n + 0*n**2. What is h(0)?
5
Let h(i) = -2*i**2 + 5*i - 3. Let o be 2